ose -2839 = -27*p - 2110. What is the remainder when p is divided by v(-5)?
13
Let a be (-2)/2*(3 + -17). Suppose -3*g - 5*h - 11 = a, 3*g - 4*h = 20. Suppose m - 27 = -g*m. Calculate the remainder when m is divided by 14.
13
Let q = -36 - -82. Let l = q - 31. What is the remainder when l is divided by 9?
6
Let d(c) = -c - 8. Let y be (2/2)/(6/(-66)). Let g be d(y). Suppose -4*z + 44 = -g*a - 2*a, -a + 84 = 5*z. Calculate the remainder when 61 is divided by z.
13
Let f(h) = -2*h**2 + 2*h - 4. Let n be f(4). What is the remainder when ((864/(-14))/(-6))/((-6)/n) is divided by 10?
8
Let g(a) = 19*a**3 + a**2 - a + 22. What is the remainder when g(4) is divided by 114?
110
Suppose m + 3 = 9. Let d be ((-38)/(-3))/((-4)/m). Calculate the remainder when d*2/2*-1 is divided by 7.
5
Let g(v) = v**3 + 11*v**2 + 8*v + 6. What is the remainder when 207 is divided by g(-10)?
25
Suppose 0 = -3*o - 6, 149 = 5*z - 3*o + 13. Calculate the remainder when z is divided by (6/7)/(5/35).
2
Suppose -67 = -5*g - 7. Suppose 3*d = -6, 3*k - 384 - 26 = d. Suppose -l + k = 2*y + 2*y, -3*y + 3*l + 117 = 0. What is the remainder when y is divided by g?
11
Let n be -645 + (-2 + 1 - -4). Let q = 907 + n. Suppose 2*b + q = 7*b. What is the remainder when b is divided by 27?
26
Let j be (-7 - 5)*7/(-4). What is the remainder when (112/(-12))/(-7)*j is divided by 6?
4
Let t = -54 + 59. Let v(u) = -9*u - 3. Calculate the remainder when (-3)/(t + 2365/(-470)) is divided by v(-3).
22
Let y = 13 - 7. Let u = -3 + y. Suppose -39 = -3*p + u*l, 3 = -p + 2*l + 15. What is the remainder when 27 is divided by p?
13
Suppose -208 = -4*q - 4*w, -20 = w - 6*w. Calculate the remainder when 84 is divided by q.
36
What is the remainder when 50694/126 + (-2)/6 is divided by 11?
6
Suppose -5*z = -4*z - 54. Suppose -13*s + 10*s = -z. Let y(a) = 34*a + 2. What is the remainder when y(2) is divided by s?
16
Suppose 0 = -2*a + 5*z + 604, 34*a + 5*z = 29*a + 1510. What is the remainder when a is divided by 81?
59
Let d = -48 + 44. What is the remainder when 39 is divided by (d/5)/(2/(-25))?
9
Calculate the remainder when 268 is divided by 15/((-165)/22) - (-74 - 1).
49
Suppose 4*w = -8 - 16. Calculate the remainder when w/4*2328/(-36) is divided by 20.
17
Let m = -9 + 7. Let y(p) = -5*p**2 - 8*p - 1. Let g(l) = -6*l**2 - 9*l - 1. Let q(o) = -6*g(o) + 7*y(o). What is the remainder when 26 is divided by q(m)?
5
Suppose -2*o + 69 = -3*g, 4*g - 230 = 4*o - 9*o. Calculate the remainder when 125 is divided by o.
41
Let h(t) = t**3 + 7*t**2 + 3*t + 3. Let a be h(-6). Let l = 27 - a. What is the remainder when l is divided by 3?
0
Suppose -3*u = -4*h + 28 + 11, -4*u - 32 = -2*h. Suppose 2 = -4*y - h. What is the remainder when 70 is divided by (-25)/(-1) - (3 + y)?
22
Suppose 3*m + 0*l - 120 = 5*l, -5*l + 195 = 4*m. Calculate the remainder when 223 is divided by m.
43
Suppose -i + 0*i + 3*k = -193, 4*k = 3*i - 604. What is the remainder when i is divided by 7?
5
Suppose 238 = 2*p - x, -10*p + 5*p + 580 = 5*x. What is the remainder when p is divided by 12?
10
Let x = -66 + 92. Let l(u) = 4*u + 34. What is the remainder when x is divided by l(-5)?
12
Suppose -u + 474 = 3*h, 3*u + 267 = -4*h + 894. Calculate the remainder when h is divided by 15.
9
Calculate the remainder when 148 is divided by (-232)/(-5) - 8/20 - -4.
48
Calculate the remainder when 133 is divided by 2/(-4)*68/(-2).
14
Let i(o) = -5*o**2 - 101*o + 13. What is the remainder when i(-17) is divided by 29?
24
Suppose 332 = 10*t - 6*t. What is the remainder when t is divided by ((-126)/(-15))/((-8)/(-20))?
20
Suppose 5*x - 26 = -1. Suppose 4*s + 3*m = 5*m + 230, -x*m - 35 = -s. Calculate the remainder when s is divided by 21.
18
Let o(a) = -a + 10. Let p = -25 + 19. What is the remainder when 12*(-2)/((-8)/10) is divided by o(p)?
14
Suppose 2*d - d - 13 = -5*z, -3*d + 3*z + 129 = 0. What is the remainder when d is divided by 13?
12
Let i = 57 - -5. Calculate the remainder when i is divided by 37.
25
Suppose -3*z + 11 = -7. Suppose z*a = a. Suppose 0*x + x - 7 = a. Calculate the remainder when 19 is divided by x.
5
Let b = 61 + -47. Suppose 2*z = b - 0. Calculate the remainder when 34 is divided by z.
6
Let i = -29 - -31. What is the remainder when 141 is divided by (-24)/((-14)/4 + i)?
13
Let k(b) = 2*b + 24. What is the remainder when k(14) is divided by 11?
8
Let l be (145/3 + (-10)/30)/(-1). Let r = l + 54. Calculate the remainder when r is divided by 6.
0
Let c = -215 + 337. Let f = 93 - -5. Let l = f + -67. What is the remainder when c is divided by l?
29
Let b = -34 - -6. Let i = b - -28. What is the remainder when (-2*3 + i)*-3 is divided by 5?
3
Let n be 3/(-1) - (-89 + 42). Let q = 0 + -4. Let l = q + n. What is the remainder when l is divided by 21?
19
Let p(w) = 15*w + 1. Let k(n) = n. Let r = -1 + 0. Let y(h) = r*p(h) - 4*k(h). Calculate the remainder when y(-1) is divided by 5.
3
Let i(w) = -w - 4. Let s be i(-15). Suppose 7 - 27 = -5*x. Suppose -2*o + x*o = 0, 2*o = -c + s. What is the remainder when 42 is divided by c?
9
What is the remainder when 240 is divided by 65 - (4 + 3 + 0)?
8
Let n(v) = 31*v**2 + 10*v - 8*v + 3 - 3. Calculate the remainder when n(-1) is divided by 16.
13
Suppose 0 = 2*u - 0*u - 6. Suppose -49 + 7 = -u*v. What is the remainder when ((-39)/(-117))/((-1)/(-120)) is divided by v?
12
Let z = -24 + 14. Let a = z - -17. Let r = 39 - 13. What is the remainder when r is divided by a?
5
Suppose 3*f = 6*f - 258. Calculate the remainder when f is divided by 4893/168 + (-1)/8.
28
Suppose 3*i = -2*m + 96, 4*i + 240 = 5*m - 0*i. What is the remainder when 309 is divided by m?
21
Suppose -2 = m, 2*j - 240 + 30 = -3*m. What is the remainder when j is divided by 28?
24
Let g = 440 + -422. Suppose 5*p + 5 + 5 = 0. What is the remainder when (-3 - p) + (g - 3) is divided by 4?
2
Let g(m) = -150*m - 729. Calculate the remainder when 61 is divided by g(-5).
19
Suppose -66 = -3*o + 5*n, 2*o - 37 = 19*n - 18*n. Calculate the remainder when 127 is divided by o.
8
Suppose -18*q + 180 = -14*q. Calculate the remainder when q is divided by 28.
17
Let f(j) = 2*j**2 - 4*j - 9. Let b be f(-4). Suppose 5*a - 6*a = -25. Let o = b - a. What is the remainder when 26 is divided by o?
12
Calculate the remainder when 50 + -2*2/4 is divided by 202/8 + 9/(-84)*-7.
23
Let b(i) = i**2 + 8*i - 2. Let z(c) = c**3 - 12*c**2 + 9*c + 16. Let w be z(11). Let k be 2/(-3) - (-56)/w. Calculate the remainder when b(k) is divided by 10.
8
Let r(d) = d - 4. Let k be r(8). Suppose 2*g - w = 4*w + 54, k*g = 4*w + 84. Calculate the remainder when 29 is divided by g.
12
Let t(u) = -5*u**3 + 7*u**2 - 3*u - 8. Let w(o) = -o**3 + o**2 - o - 1. Let l(a) = -t(a) + 3*w(a). What is the remainder when l(2) is divided by 1?
0
Let r = -66 - -68. Suppose r*h = -7*h + 225. What is the remainder when h is divided by 10?
5
Let r = -3 + 7. Suppose 3*c = -3*z + 4*z + 474, r*z + 797 = 5*c. Calculate the remainder when c is divided by 20.
17
Suppose 4*n - 9 = -t + 7, -t + 11 = 3*n. Let y(h) be the third derivative of h**5/60 + h**4/12 + 3*h**2. What is the remainder when y(2) is divided by n?
3
Let j be 3/12 - 1/4. Suppose j = g + 3*g - 24. What is the remainder when 14 is divided by g?
2
Suppose -158 = -3*a + 133. Let x = 114 - a. Calculate the remainder when 63 is divided by x.
12
Suppose -3*u - 8 = -2*g + 3*g, 3*g + 6 = -3*u. Let f(x) = -4*x**2 + x - 1. Let b be f(g). Let j = b + 16. Calculate the remainder when 32 is divided by j.
8
Let s(w) = -w**3 - 18*w**2 - 15*w + 40. Calculate the remainder when 49 is divided by s(-17).
1
Let m(h) = h**3 - 24*h**2 - 50*h - 49. Calculate the remainder when 21 is divided by m(26).
0
Let c be 4/6 + (-1183)/(-21). Let p = -19 + c. Calculate the remainder when (0 + p)/(20/30) is divided by 15.
12
Suppose -6*i - 8*i + 714 = 0. Calculate the remainder when i is divided by 30.
21
Let i(f) = -14*f**3 + 5*f**2 + 3*f - 3. What is the remainder when i(-2) is divided by 25?
23
Let d(t) = -t**2 - t + 5. Let x be d(-3). Let p = 35 + -2. Calculate the remainder when p is divided by (-6)/10*20*x.
9
Suppose -5*y = 10, -4*y - 789 + 193 = -4*h. Let f be 5/35 + (-5520)/(-70). Let o = h - f. What is the remainder when o is divided by 23?
22
Let i(k) = -30*k